59
What are the prime factors of 208790?
2, 5, 20879
List the prime factors of 852439.
7, 47, 2591
What are the prime factors of 15639014?
2, 17, 19, 43, 563
List the prime factors of 323000.
2, 5, 17, 19
List the prime factors of 5172119.
37, 139787
List the prime factors of 457205.
5, 7, 13063
What are the prime factors of 231106?
2, 115553
List the prime factors of 6193422.
2, 3, 38231
What are the prime factors of 459257?
459257
What are the prime factors of 441187?
441187
What are the prime factors of 11527627?
1279, 9013
List the prime factors of 208201.
7, 607
What are the prime factors of 2747740?
2, 5, 137387
List the prime factors of 5223877.
113, 46229
What are the prime factors of 390022?
2, 191, 1021
List the prime factors of 2382902.
2, 71, 97, 173
What are the prime factors of 667492?
2, 7, 31, 769
List the prime factors of 610141.
7, 101, 863
List the prime factors of 176715.
3, 5, 7, 11, 17
List the prime factors of 10022470.
2, 5, 1002247
List the prime factors of 1679464.
2, 17, 53, 233
List the prime factors of 1330056.
2, 3, 7, 13, 29
List the prime factors of 1788896.
2, 55903
List the prime factors of 2170217.
7, 31, 73, 137
What are the prime factors of 803232?
2, 3, 2789
List the prime factors of 1567382.
2, 783691
List the prime factors of 9952066.
2, 103, 48311
List the prime factors of 1534806.
2, 3, 7, 13, 937
What are the prime factors of 7897?
53, 149
List the prime factors of 1291706.
2, 13, 49681
List the prime factors of 1973615.
5, 7, 17, 31, 107
List the prime factors of 168709.
113, 1493
What are the prime factors of 190954?
2, 307, 311
What are the prime factors of 5946062?
2, 2973031
What are the prime factors of 326523?
3, 31, 3511
List the prime factors of 1970492.
2, 29, 16987
What are the prime factors of 705704?
2, 17, 5189
What are the prime factors of 1048601?
1048601
What are the prime factors of 46265?
5, 19, 487
List the prime factors of 32980.
2, 5, 17, 97
List the prime factors of 221020.
2, 5, 43, 257
What are the prime factors of 35455431?
3, 11, 457, 2351
List the prime factors of 6022990.
2, 5, 31, 19429
What are the prime factors of 1874821?
13, 29, 4973
List the prime factors of 2687189.
19, 233, 607
What are the prime factors of 206717?
7, 29531
List the prime factors of 340442.
2, 17, 19, 31
List the prime factors of 128094.
2, 3, 37, 577
What are the prime factors of 2177952?
2, 3, 7, 463
List the prime factors of 4361117.
337, 12941
What are the prime factors of 742387?
19, 41, 953
What are the prime factors of 6748?
2, 7, 241
What are the prime factors of 340969?
17, 31, 647
What are the prime factors of 574041?
3, 13, 41, 359
List the prime factors of 6666375.
3, 5, 29, 613
List the prime factors of 3964055.
5, 67, 11833
What are the prime factors of 7401231?
3, 47, 17497
What are the prime factors of 3087918?
2, 3, 19, 9029
What are the prime factors of 17746?
2, 19, 467
List the prime factors of 8878606.
2, 11, 443, 911
What are the prime factors of 6879984?
2, 3, 143333
List the prime factors of 10823721.
3, 37, 97511
List the prime factors of 13914048.
2, 3, 72469
What are the prime factors of 217744?
2, 31, 439
List the prime factors of 3544634.
2, 1772317
List the prime factors of 124642.
2, 7, 29, 307
List the prime factors of 16618231.
7, 17, 73, 1913
What are the prime factors of 13397751?
3, 17, 101
What are the prime factors of 2347006?
2, 199, 5897
What are the prime factors of 24887151?
3, 2765239
List the prime factors of 11942664.
2, 3, 29, 17159
What are the prime factors of 5592694?
2, 17, 103, 1597
What are the prime factors of 22615804?
2, 79, 71569
What are the prime factors of 2995728?
2, 3, 139, 449
What are the prime factors of 28079449?
28079449
What are the prime factors of 130408?
2, 16301
What are the prime factors of 2386093?
37, 64489
List the prime factors of 5862138.
2, 3, 977023
What are the prime factors of 5817840?
2, 3, 5, 7, 3463
List the prime factors of 17385882.
2, 3, 1451, 1997
What are the prime factors of 6005578?
2, 3002789
List the prime factors of 472891.
19, 24889
List the prime factors of 4988022.
2, 3, 13, 63949
What are the prime factors of 976841?
31, 31511
List the prime factors of 7729766.
2, 11, 43, 8171
List the prime factors of 2624323.
13, 23, 67, 131
List the prime factors of 811648.
2, 17, 373
List the prime factors of 13551161.
13, 19, 83, 661
What are the prime factors of 1007424?
2, 3, 11, 53
List the prime factors of 989795.
5, 197959
List the prime factors of 661528.
2, 7, 11813
List the prime factors of 721088.
2, 19, 593
What are the prime factors of 461297?
461297
What are the prime factors of 3476904?
2, 3, 277, 523
List the prime factors of 1386517.
11, 126047
List the prime factors of 105215.
5, 11, 1913
What are the prime factors of 87310?
2, 5, 8731
List the prime factors of 985917.
3, 328639
What are the prime factors of 163754?
2, 41, 1997
List the prime factors of 2813603.
13, 216431
What are the prime factors of 6919834?
2, 3459917
List the prime factors of 26676078.
2, 3, 11, 13, 31091
What are the prime factors of 1787863?
7, 11, 31, 107
What are the prime factors of 10068234?
2, 3, 11, 79, 1931
What are the prime factors of 827011?
23, 41, 877
What are the prime factors of 3721286?
2, 1860643
List the prime factors of 18789195.
3, 5, 19, 65927
List the prime factors of 6700249.
6700249
What are the prime factors of 562880?
2, 5, 1759
List the prime factors of 2389172.
2, 467, 1279
What are the prime factors of 478712?
2, 13, 4603
List the prime factors of 248572.
2, 62143
What are the prime factors of 551126?
2, 23, 11981
List the prime factors of 2297438.
2, 11, 13, 29, 277
List the prime factors of 1962809.
1962809
What are the prime factors of 2796858?
2, 3, 155381
List the prime factors of 3212717.
67, 47951
List the prime factors of 395438.
2, 163, 1213
List the prime factors of 249149.
73, 3413
List the prime factors of 9666324.
2, 3, 37, 41, 59
List the prime factors of 7478362.
2, 19, 196799
What are the prime factors of 11054?
2, 5527
What are the prime factors of 362511?
3, 47, 857
What are the prime factors of 3955886?
2, 11, 179813
List the prime factors of 507662.
2, 41, 151
List the prime factors of 23611709.
11, 2146519
List the prime factors of 582110.
2, 5, 58211
List the prime factors of 649922.
2, 7, 13, 3571
List the prime factors of 4680479.
19, 181, 1361
List the prime factors of 1317500.
2, 5, 17, 31
List the prime factors of 9994955.
5, 1998991
What are the prime factors of 30118?
2, 11, 37
What are the prime factors of 14892732?
2, 3, 19, 21773
What are the prime factors of 3288781?
3288781
What are the prime factors of 3907723?
23, 83, 89
What are the prime factors of 231228?
2, 3, 2141
List the prime factors of 4081864.
2, 510233
What are the prime factors of 134872?
2, 23, 733
What are the prime factors of 12008602?
2, 6004301
List the prime factors of 382655.
5, 7, 13, 29
What are the prime factors of 3820686?
2, 3, 636781
What are the prime factors of 206342?
2, 103171
List the prime factors of 708284.
2, 113, 1567
List the prime factors of 719231.
31, 23201
List the prime factors of 1843224.
2, 3, 76801
What are the prime factors of 235839?
3, 127, 619
List the prime factors of 2365499.
17, 347, 401
What are the prime factors of 218393?
7, 4457
What are the prime factors of 252639?
3, 3119
What are the prime factors of 1656104?
2, 207013
What are the prime factors of 681035?
5, 136207
What are the prime factors of 89046?
2, 3, 17, 97
What are the prime factors of 179253?
3, 2213
List the prime factors of 226557.
3, 2797
What are the prime factors of 106293?
3, 11, 3221
List the prime factors of 3241425.
3, 5, 11, 3929
List the prime factors of 9827521.
11, 43, 79, 263
What are the prime factors of 1830825?
3, 5, 79, 103
List the prime factors of 243198.
2, 3, 59, 229
List the prime factors of 89216.
2, 17, 41
What are the prime factors of 67112?
2, 8389
What are the prime factors of 117874?
2, 58937
What are the prime factors of 79144?
2, 13, 761
What are the prime factors of 1611720?
2, 3, 5, 11, 37
List the prime factors of 24963498.
2, 3, 7, 66041
List the prime factors of 120448.
2, 941
List the prime factors of 1722288.
2, 3, 53, 677
List the prime factors of 15177